{"id":10,"date":"2024-07-10T22:02:53","date_gmt":"2024-07-10T19:02:53","guid":{"rendered":"https:\/\/anmmakine.com.tr\/?page_id=10"},"modified":"2024-07-12T18:46:11","modified_gmt":"2024-07-12T15:46:11","slug":"portfoy","status":"publish","type":"page","link":"https:\/\/anmmakine.com.tr\/?page_id=10","title":{"rendered":"Portf\u00f6y"},"content":{"rendered":"\n<div class=\"wp-block-cover alignfull\" style=\"min-height:300px;aspect-ratio:unset;\"><span aria-hidden=\"true\" class=\"wp-block-cover__background has-nv-site-bg-background-color has-background-dim-100 has-background-dim\"><\/span><div class=\"wp-block-cover__inner-container is-layout-flow wp-block-cover-is-layout-flow\">\n<div class=\"wp-block-group\" style=\"padding-right:var(--wp--preset--spacing--30);padding-left:var(--wp--preset--spacing--30)\"><div class=\"wp-block-group__inner-container is-layout-flow wp-block-group-is-layout-flow\">\n<h1 class=\"wp-block-heading has-text-align-left has-neve-text-color-color has-text-color\">Savunma<\/h1>\n<\/div><\/div>\n<\/div><\/div>\n\n\n\n<div class=\"wp-block-cover alignfull\" style=\"min-height:600px;aspect-ratio:unset;\"><span aria-hidden=\"true\" class=\"wp-block-cover__background has-nv-light-bg-background-color has-background-dim-100 has-background-dim\"><\/span><div class=\"wp-block-cover__inner-container is-layout-flow wp-block-cover-is-layout-flow\">\n<div class=\"wp-block-group\"><div class=\"wp-block-group__inner-container is-layout-flow wp-block-group-is-layout-flow\">\n<div style=\"height:80px\" aria-hidden=\"true\" class=\"wp-block-spacer\"><\/div>\n\n\n\n<div class=\"wp-block-columns are-vertically-aligned-center is-layout-flex wp-container-core-columns-is-layout-9d6595d7 wp-block-columns-is-layout-flex\">\n<div class=\"wp-block-column is-vertically-aligned-center is-layout-flow wp-block-column-is-layout-flow\" style=\"padding-right:var(--wp--preset--spacing--30);padding-left:var(--wp--preset--spacing--30);flex-basis:50%\">\n<figure class=\"wp-block-gallery has-nested-images columns-default is-cropped wp-block-gallery-1 is-layout-flex wp-block-gallery-is-layout-flex\">\n<figure class=\"wp-block-image size-full has-custom-border\"><img loading=\"lazy\" decoding=\"async\" width=\"1080\" height=\"1080\" data-id=\"50\" src=\"https:\/\/anmmakine.com.tr\/wp-content\/uploads\/2024\/07\/10.png\" alt=\"\" class=\"wp-image-50\" style=\"border-radius:24px\" srcset=\"https:\/\/anmmakine.com.tr\/wp-content\/uploads\/2024\/07\/10.png 1080w, https:\/\/anmmakine.com.tr\/wp-content\/uploads\/2024\/07\/10-300x300.png 300w, https:\/\/anmmakine.com.tr\/wp-content\/uploads\/2024\/07\/10-1024x1024.png 1024w, https:\/\/anmmakine.com.tr\/wp-content\/uploads\/2024\/07\/10-150x150.png 150w, https:\/\/anmmakine.com.tr\/wp-content\/uploads\/2024\/07\/10-768x768.png 768w\" sizes=\"auto, (max-width: 1080px) 100vw, 1080px\" \/><\/figure>\n<\/figure>\n\n\n\n<div style=\"height:24px\" aria-hidden=\"true\" class=\"wp-block-spacer\"><\/div>\n\n\n\n<h3 class=\"wp-block-heading has-text-align-left has-neve-text-color-color has-text-color\">Pazarlama Stratejisi<\/h3>\n\n\n\n<p class=\"has-text-align-left has-neve-text-color-color has-text-color\"><font style=\"vertical-align: inherit;\"><font style=\"vertical-align: inherit;\">ANM Makine, bir i\u015fletmenin hedef pazarlar\u0131na ula\u015fma, bu pazarlarda rekabet avantaj\u0131 sa\u011flama ve m\u00fc\u015fteri memnuniyetini art\u0131rma amac\u0131yla geli\u015ftirdi\u011fi plan ve y\u00f6ntemlerin b\u00fct\u00fcn\u00fcd\u00fcr. Etkili bir pazarlama stratejisi, i\u015fletmenin \u00fcr\u00fcn veya hizmetlerini do\u011fru kitlelere ula\u015ft\u0131rmas\u0131n\u0131 ve s\u00fcrd\u00fcr\u00fclebilir bir b\u00fcy\u00fcme elde etmesini sa\u011flar<\/font><\/font><\/p>\n\n\n\n<div class=\"wp-block-buttons has-custom-font-size has-small-font-size is-content-justification-left is-layout-flex wp-container-core-buttons-is-layout-fdcfc74e wp-block-buttons-is-layout-flex\">\n<div class=\"wp-block-button has-custom-font-size is-style-default\" style=\"font-size:16px\"><a class=\"wp-block-button__link has-nv-text-dark-bg-color has-neve-link-color-background-color has-text-color has-background has-link-color wp-element-button\" href=\"https:\/\/anmmakine.com.tr\/?page_id=9\">Detayl\u0131 Bilgi \u0130\u00e7in<\/a><\/div>\n<\/div>\n\n\n\n<div style=\"height:40px\" aria-hidden=\"true\" class=\"wp-block-spacer\"><\/div>\n<\/div>\n\n\n\n<div class=\"wp-block-column is-vertically-aligned-center is-layout-flow wp-block-column-is-layout-flow\" style=\"padding-right:var(--wp--preset--spacing--30);padding-left:var(--wp--preset--spacing--30);flex-basis:50%\">\n<figure class=\"wp-block-image size-full has-custom-border\"><img loading=\"lazy\" decoding=\"async\" width=\"1080\" height=\"1080\" src=\"https:\/\/anmmakine.com.tr\/wp-content\/uploads\/2024\/07\/14.png\" alt=\"\" class=\"wp-image-54\" style=\"border-radius:24px\" srcset=\"https:\/\/anmmakine.com.tr\/wp-content\/uploads\/2024\/07\/14.png 1080w, https:\/\/anmmakine.com.tr\/wp-content\/uploads\/2024\/07\/14-300x300.png 300w, https:\/\/anmmakine.com.tr\/wp-content\/uploads\/2024\/07\/14-1024x1024.png 1024w, https:\/\/anmmakine.com.tr\/wp-content\/uploads\/2024\/07\/14-150x150.png 150w, https:\/\/anmmakine.com.tr\/wp-content\/uploads\/2024\/07\/14-768x768.png 768w\" sizes=\"auto, (max-width: 1080px) 100vw, 1080px\" \/><\/figure>\n\n\n\n<div style=\"height:24px\" aria-hidden=\"true\" class=\"wp-block-spacer\"><\/div>\n\n\n\n<h3 class=\"wp-block-heading has-text-align-left has-neve-text-color-color has-text-color\">\u00c7ok Kanall\u0131 Optimizasyon<\/h3>\n\n\n\n<p class=\"has-text-align-left has-neve-text-color-color has-text-color\">ANM Makine, bir i\u015fletmenin \u00e7e\u015fitli pazarlama ve sat\u0131\u015f kanallar\u0131n\u0131 entegre ederek m\u00fc\u015fteri deneyimini iyile\u015ftirme ve i\u015f sonu\u00e7lar\u0131n\u0131 optimize etme s\u00fcrecidir. Bu yakla\u015f\u0131m, m\u00fc\u015fterilerin farkl\u0131 kanallardan sorunsuz bir \u015fekilde al\u0131\u015fveri\u015f yapabilmesini sa\u011flar ve i\u015fletmenin her temas noktas\u0131nda tutarl\u0131 bir mesaj iletmesini hedefler.<\/p>\n\n\n\n<div class=\"wp-block-buttons has-custom-font-size has-small-font-size is-content-justification-left is-layout-flex wp-container-core-buttons-is-layout-fdcfc74e wp-block-buttons-is-layout-flex\">\n<div class=\"wp-block-button has-custom-font-size is-style-default\" style=\"font-size:16px\"><a class=\"wp-block-button__link has-nv-text-dark-bg-color has-neve-link-color-background-color has-text-color has-background has-link-color wp-element-button\" href=\"https:\/\/anmmakine.com.tr\/?page_id=9\">Detayl\u0131 Bilgi i\u00e7in<\/a><\/div>\n<\/div>\n\n\n\n<div style=\"height:40px\" aria-hidden=\"true\" class=\"wp-block-spacer\"><\/div>\n<\/div>\n\n\n\n<div class=\"wp-block-column is-vertically-aligned-center is-layout-flow wp-block-column-is-layout-flow\" style=\"padding-right:var(--wp--preset--spacing--30);padding-left:var(--wp--preset--spacing--30);flex-basis:50%\">\n<figure class=\"wp-block-image size-full has-custom-border\"><img loading=\"lazy\" decoding=\"async\" width=\"1080\" height=\"1080\" src=\"https:\/\/anmmakine.com.tr\/wp-content\/uploads\/2024\/07\/15.png\" alt=\"\" class=\"wp-image-55\" style=\"border-radius:24px\" srcset=\"https:\/\/anmmakine.com.tr\/wp-content\/uploads\/2024\/07\/15.png 1080w, https:\/\/anmmakine.com.tr\/wp-content\/uploads\/2024\/07\/15-300x300.png 300w, https:\/\/anmmakine.com.tr\/wp-content\/uploads\/2024\/07\/15-1024x1024.png 1024w, https:\/\/anmmakine.com.tr\/wp-content\/uploads\/2024\/07\/15-150x150.png 150w, https:\/\/anmmakine.com.tr\/wp-content\/uploads\/2024\/07\/15-768x768.png 768w\" sizes=\"auto, (max-width: 1080px) 100vw, 1080px\" \/><\/figure>\n\n\n\n<div style=\"height:24px\" aria-hidden=\"true\" class=\"wp-block-spacer\"><\/div>\n\n\n\n<h3 class=\"wp-block-heading has-text-align-left has-neve-text-color-color has-text-color\">Marka Konumland\u0131rma Haritas\u0131<\/h3>\n\n\n\n<p class=\"has-text-align-left has-neve-text-color-color has-text-color\">ANM Makine, i\u015fletmelerin m\u00fc\u015fteri deneyimini iyile\u015ftirerek rekabet avantaj\u0131 elde etmelerini sa\u011flar. Bu yaz\u0131da, \u00e7ok kanall\u0131 optimizasyonun temel prensipleri, stratejileri ve uygulama y\u00f6ntemleri ele al\u0131nm\u0131\u015ft\u0131r. \u0130\u015fletmelerin, kendi ihtiya\u00e7lar\u0131na ve pazar dinamiklerine uygun \u00e7ok kanall\u0131 stratejiler geli\u015ftirerek ba\u015far\u0131ya ula\u015fmalar\u0131 m\u00fcmk\u00fcnd\u00fcr.<\/p>\n\n\n\n<div class=\"wp-block-buttons has-custom-font-size has-small-font-size is-content-justification-left is-layout-flex wp-container-core-buttons-is-layout-fdcfc74e wp-block-buttons-is-layout-flex\">\n<div class=\"wp-block-button has-custom-font-size is-style-default\" style=\"font-size:16px\"><a class=\"wp-block-button__link has-nv-text-dark-bg-color has-neve-link-color-background-color has-text-color has-background has-link-color wp-element-button\" href=\"https:\/\/anmmakine.com.tr\/?page_id=9\">Detayl\u0131 bilgi \u0130\u00e7in<\/a><\/div>\n<\/div>\n\n\n\n<div style=\"height:40px\" aria-hidden=\"true\" class=\"wp-block-spacer\"><\/div>\n<\/div>\n<\/div>\n\n\n\n<div style=\"height:40px\" aria-hidden=\"true\" class=\"wp-block-spacer\"><\/div>\n<\/div><\/div>\n<\/div><\/div>\n\n\n\n<div class=\"wp-block-cover alignfull\"><span aria-hidden=\"true\" class=\"wp-block-cover__background has-nv-site-bg-background-color has-background-dim-100 has-background-dim\"><\/span><div class=\"wp-block-cover__inner-container is-layout-flow wp-block-cover-is-layout-flow\">\n<div style=\"height:80px\" aria-hidden=\"true\" class=\"wp-block-spacer\"><\/div>\n\n\n\n<div class=\"wp-block-columns are-vertically-aligned-center is-layout-flex wp-container-core-columns-is-layout-9d6595d7 wp-block-columns-is-layout-flex\">\n<div class=\"wp-block-column is-vertically-aligned-center is-layout-flow wp-block-column-is-layout-flow\" style=\"padding-right:var(--wp--preset--spacing--30);padding-left:var(--wp--preset--spacing--30);flex-basis:50%\">\n<div style=\"height:20px\" aria-hidden=\"true\" class=\"wp-block-spacer\"><\/div>\n\n\n\n<h2 class=\"wp-block-heading has-text-align-left has-neve-text-color-color has-text-color\"><font style=\"vertical-align: inherit;\"><font style=\"vertical-align: inherit;\">Kalite Kontrol ve Hassasiyetlerimiz<\/font><\/font><\/h2>\n\n\n\n<p class=\"has-text-align-left has-neve-text-color-color has-text-color\"><font style=\"vertical-align: inherit;\"><font style=\"vertical-align: inherit;\">ANM Makine, \u00fcretim ve hizmet s\u00fcre\u00e7lerinde hatalar\u0131n en aza indirilmesi, m\u00fc\u015fteri memnuniyetinin art\u0131r\u0131lmas\u0131 ve \u00fcr\u00fcn veya hizmet kalitesinin s\u00fcrekli iyile\u015ftirilmesi i\u00e7in uygulanan teknikler ve y\u00f6ntemler b\u00fct\u00fcn\u00fcd\u00fcr. Kalite kontrol hassasiyeti, \u00fcretim s\u00fcre\u00e7lerinin etkinli\u011fini ve verimlili\u011fini art\u0131rarak i\u015fletmelerin rekabet g\u00fcc\u00fcn\u00fc peki\u015ftirir.<\/font><\/font><\/p>\n\n\n\n<div class=\"wp-block-buttons has-custom-font-size has-small-font-size is-content-justification-left is-layout-flex wp-container-core-buttons-is-layout-fdcfc74e wp-block-buttons-is-layout-flex\">\n<div class=\"wp-block-button has-custom-font-size is-style-default\" style=\"font-size:16px\"><a class=\"wp-block-button__link has-nv-text-dark-bg-color has-neve-link-color-background-color has-text-color has-background has-link-color wp-element-button\" href=\"https:\/\/anmmakine.com.tr\/?page_id=9\"><font style=\"vertical-align: inherit;\"><font style=\"vertical-align: inherit;\">Daha fazla bilgi edin<\/font><\/font><\/a><\/div>\n<\/div>\n<\/div>\n\n\n\n<div class=\"wp-block-column is-vertically-aligned-center is-layout-flow wp-block-column-is-layout-flow\" style=\"padding-right:var(--wp--preset--spacing--30);padding-left:var(--wp--preset--spacing--30);flex-basis:50%\">\n<figure class=\"wp-block-image size-full has-custom-border is-style-default\"><img loading=\"lazy\" decoding=\"async\" width=\"1080\" height=\"1080\" src=\"https:\/\/anmmakine.com.tr\/wp-content\/uploads\/2024\/07\/21.png\" alt=\"\" class=\"wp-image-61\" style=\"border-radius:16px\" srcset=\"https:\/\/anmmakine.com.tr\/wp-content\/uploads\/2024\/07\/21.png 1080w, https:\/\/anmmakine.com.tr\/wp-content\/uploads\/2024\/07\/21-300x300.png 300w, https:\/\/anmmakine.com.tr\/wp-content\/uploads\/2024\/07\/21-1024x1024.png 1024w, https:\/\/anmmakine.com.tr\/wp-content\/uploads\/2024\/07\/21-150x150.png 150w, https:\/\/anmmakine.com.tr\/wp-content\/uploads\/2024\/07\/21-768x768.png 768w\" sizes=\"auto, (max-width: 1080px) 100vw, 1080px\" \/><\/figure>\n<\/div>\n<\/div>\n\n\n\n<div style=\"height:50px\" aria-hidden=\"true\" class=\"wp-block-spacer\"><\/div>\n<\/div><\/div>\n\n\n\n<div class=\"wp-block-cover alignfull\" style=\"padding-right:0;padding-left:0;min-height:300px;aspect-ratio:unset;\"><span aria-hidden=\"true\" class=\"wp-block-cover__background has-nv-dark-bg-background-color has-background-dim-100 has-background-dim\"><\/span><div class=\"wp-block-cover__inner-container is-layout-flow wp-block-cover-is-layout-flow\">\n<div class=\"wp-block-columns is-layout-flex wp-container-core-columns-is-layout-9d6595d7 wp-block-columns-is-layout-flex\">\n<div class=\"wp-block-column is-layout-flow wp-block-column-is-layout-flow\" style=\"flex-basis:20%\"><\/div>\n\n\n\n<div class=\"wp-block-column is-layout-flow wp-block-column-is-layout-flow\" style=\"flex-basis:60%\">\n<div class=\"wp-block-group\" style=\"padding-right:var(--wp--preset--spacing--30);padding-left:var(--wp--preset--spacing--30)\"><div class=\"wp-block-group__inner-container is-layout-constrained wp-container-core-group-is-layout-a68114f4 wp-block-group-is-layout-constrained\">\n<div style=\"height:80px\" aria-hidden=\"true\" class=\"wp-block-spacer\"><\/div>\n\n\n\n<div style=\"height:24px\" aria-hidden=\"true\" class=\"wp-block-spacer\"><\/div>\n\n\n\n<figure class=\"wp-block-image size-large is-resized\"><img loading=\"lazy\" decoding=\"async\" width=\"1024\" height=\"768\" src=\"https:\/\/anmmakine.com.tr\/wp-content\/uploads\/2024\/07\/IPHONE-7-003-1024x768.jpg\" alt=\"\" class=\"wp-image-149\" style=\"width:667px;height:auto\" srcset=\"https:\/\/anmmakine.com.tr\/wp-content\/uploads\/2024\/07\/IPHONE-7-003-1024x768.jpg 1024w, https:\/\/anmmakine.com.tr\/wp-content\/uploads\/2024\/07\/IPHONE-7-003-300x225.jpg 300w, https:\/\/anmmakine.com.tr\/wp-content\/uploads\/2024\/07\/IPHONE-7-003-768x576.jpg 768w, https:\/\/anmmakine.com.tr\/wp-content\/uploads\/2024\/07\/IPHONE-7-003.jpg 1280w\" sizes=\"auto, (max-width: 1024px) 100vw, 1024px\" \/><\/figure>\n\n\n\n<p class=\"has-text-align-center has-nv-text-dark-bg-color has-text-color\"><font style=\"vertical-align: inherit;\"><font style=\"vertical-align: inherit;\"><em><strong>\u201c\u00c7al\u0131\u015fma hayat\u0131nda ve d\u00fcnya hayat\u0131nda iyilik ve d\u00fcr\u00fcstl\u00fc\u011f\u00fc ilke edinmi\u015f bir kimsenin, &#8220;kaybetmek&#8221; kelimesi l\u00fcgat\u0131nda yoktur.\u201d<\/strong><\/em><\/font><\/font><\/p>\n\n\n\n<p class=\"has-text-align-center has-nv-text-dark-bg-color has-text-color has-small-font-size\"><strong>Mustafa Taha \u00d6ZCAN<\/strong><\/p>\n\n\n\n<div style=\"height:40px\" aria-hidden=\"true\" class=\"wp-block-spacer\"><\/div>\n<\/div><\/div>\n<\/div>\n\n\n\n<div class=\"wp-block-column is-layout-flow wp-block-column-is-layout-flow\" style=\"flex-basis:20%\"><\/div>\n<\/div>\n<\/div><\/div>\n\n\n\n<div class=\"wp-block-cover alignfull\" style=\"min-height:600px;aspect-ratio:unset;\"><span aria-hidden=\"true\" class=\"wp-block-cover__background has-nv-site-bg-background-color has-background-dim-100 has-background-dim\"><\/span><div class=\"wp-block-cover__inner-container is-layout-flow wp-block-cover-is-layout-flow\">\n<div class=\"wp-block-group\"><div class=\"wp-block-group__inner-container is-layout-flow wp-block-group-is-layout-flow\">\n<div style=\"height:80px\" aria-hidden=\"true\" class=\"wp-block-spacer\"><\/div>\n\n\n\n<div class=\"wp-block-columns is-layout-flex wp-container-core-columns-is-layout-9d6595d7 wp-block-columns-is-layout-flex\">\n<div class=\"wp-block-column is-vertically-aligned-top is-layout-flow wp-block-column-is-layout-flow\" style=\"padding-right:var(--wp--preset--spacing--30);padding-left:var(--wp--preset--spacing--30);flex-basis:50%\">\n<figure class=\"wp-block-image size-full has-custom-border\"><img loading=\"lazy\" decoding=\"async\" width=\"1080\" height=\"1080\" src=\"https:\/\/anmmakine.com.tr\/wp-content\/uploads\/2024\/07\/22.png\" alt=\"\" class=\"wp-image-62\" style=\"border-radius:24px\" srcset=\"https:\/\/anmmakine.com.tr\/wp-content\/uploads\/2024\/07\/22.png 1080w, https:\/\/anmmakine.com.tr\/wp-content\/uploads\/2024\/07\/22-300x300.png 300w, https:\/\/anmmakine.com.tr\/wp-content\/uploads\/2024\/07\/22-1024x1024.png 1024w, https:\/\/anmmakine.com.tr\/wp-content\/uploads\/2024\/07\/22-150x150.png 150w, https:\/\/anmmakine.com.tr\/wp-content\/uploads\/2024\/07\/22-768x768.png 768w\" sizes=\"auto, (max-width: 1080px) 100vw, 1080px\" \/><\/figure>\n\n\n\n<div style=\"height:24px\" aria-hidden=\"true\" class=\"wp-block-spacer\"><\/div>\n\n\n\n<h3 class=\"wp-block-heading has-text-align-left has-neve-text-color-color has-text-color\">ANM Makine ve Hassasiyet<\/h3>\n\n\n\n<p class=\"has-text-align-left has-neve-text-color-color has-text-color\">ANM Makine fabrikas\u0131nda hassas \u00f6l\u00e7\u00fc aletleri, m\u00fchendislik, imalat, ara\u015ft\u0131rma ve geli\u015ftirme gibi alanlarda y\u00fcksek do\u011fruluk ve hassasiyet gerektiren \u00f6l\u00e7\u00fcmleri ger\u00e7ekle\u015ftirmek i\u00e7in kullan\u0131lan ara\u00e7lard\u0131r. Bu aletler, mikron seviyesindeki \u00f6l\u00e7\u00fcmlerden, daha b\u00fcy\u00fck ve karma\u015f\u0131k \u00f6l\u00e7\u00fcmlere kadar geni\u015f bir yelpazede hassasiyet sa\u011flarlar.<\/p>\n\n\n\n<div class=\"wp-block-buttons has-custom-font-size has-small-font-size is-content-justification-left is-layout-flex wp-container-core-buttons-is-layout-fdcfc74e wp-block-buttons-is-layout-flex\">\n<div class=\"wp-block-button has-custom-font-size is-style-default\" style=\"font-size:16px\"><a class=\"wp-block-button__link has-nv-text-dark-bg-color has-neve-link-color-background-color has-text-color has-background has-link-color wp-element-button\" href=\"https:\/\/anmmakine.com.tr\/?page_id=9\">Detayl\u0131 Bilgi \u0130\u00e7in<\/a><\/div>\n<\/div>\n\n\n\n<div style=\"height:40px\" aria-hidden=\"true\" class=\"wp-block-spacer\"><\/div>\n<\/div>\n\n\n\n<div class=\"wp-block-column is-vertically-aligned-center is-layout-flow wp-block-column-is-layout-flow\" style=\"padding-right:var(--wp--preset--spacing--30);padding-left:var(--wp--preset--spacing--30);flex-basis:50%\">\n<figure class=\"wp-block-image size-full has-custom-border\"><img loading=\"lazy\" decoding=\"async\" width=\"1080\" height=\"1080\" src=\"https:\/\/anmmakine.com.tr\/wp-content\/uploads\/2024\/07\/20.png\" alt=\"\" class=\"wp-image-60\" style=\"border-radius:24px\" srcset=\"https:\/\/anmmakine.com.tr\/wp-content\/uploads\/2024\/07\/20.png 1080w, https:\/\/anmmakine.com.tr\/wp-content\/uploads\/2024\/07\/20-300x300.png 300w, https:\/\/anmmakine.com.tr\/wp-content\/uploads\/2024\/07\/20-1024x1024.png 1024w, https:\/\/anmmakine.com.tr\/wp-content\/uploads\/2024\/07\/20-150x150.png 150w, https:\/\/anmmakine.com.tr\/wp-content\/uploads\/2024\/07\/20-768x768.png 768w\" sizes=\"auto, (max-width: 1080px) 100vw, 1080px\" \/><\/figure>\n\n\n\n<div style=\"height:24px\" aria-hidden=\"true\" class=\"wp-block-spacer\"><\/div>\n\n\n\n<h3 class=\"wp-block-heading has-text-align-left has-neve-text-color-color has-text-color\">ANM Makine ve \u00dcretimde Denetim<\/h3>\n\n\n\n<p class=\"has-text-align-left has-neve-text-color-color has-text-color\">ANM Makine fabrikas\u0131nda hassas \u00f6l\u00e7\u00fc aletleri, modern end\u00fcstrinin ve bilimsel ara\u015ft\u0131rman\u0131n vazge\u00e7ilmez ara\u00e7lar\u0131d\u0131r. Bu aletler, y\u00fcksek do\u011fruluk ve g\u00fcvenilirlik sa\u011flayarak \u00fcretim s\u00fcre\u00e7lerinin ve \u00fcr\u00fcn kalitesinin iyile\u015ftirilmesine katk\u0131da bulunur. Do\u011fru ve g\u00fcvenilir \u00f6l\u00e7\u00fcmler, m\u00fchendislik ve imalat s\u00fcre\u00e7lerinde kritik \u00f6neme sahiptir ve bu nedenle hassas \u00f6l\u00e7\u00fc aletlerinin kullan\u0131m\u0131 ve bak\u0131m\u0131 b\u00fcy\u00fck bir dikkat gerektirir..<\/p>\n\n\n\n<div class=\"wp-block-buttons has-custom-font-size has-small-font-size is-content-justification-left is-layout-flex wp-container-core-buttons-is-layout-fdcfc74e wp-block-buttons-is-layout-flex\">\n<div class=\"wp-block-button has-custom-font-size is-style-default\" style=\"font-size:16px\"><a class=\"wp-block-button__link has-nv-text-dark-bg-color has-neve-link-color-background-color has-text-color has-background has-link-color wp-element-button\" href=\"https:\/\/anmmakine.com.tr\/?page_id=9\">Detayl\u0131 Bilgi \u0130\u00e7in<\/a><\/div>\n<\/div>\n\n\n\n<div style=\"height:40px\" aria-hidden=\"true\" class=\"wp-block-spacer\"><\/div>\n<\/div>\n<\/div>\n\n\n\n<div style=\"height:40px\" aria-hidden=\"true\" class=\"wp-block-spacer\"><\/div>\n<\/div><\/div>\n<\/div><\/div>\n\n\n\n<div class=\"wp-block-cover alignfull\" style=\"min-height:300px;aspect-ratio:unset;\"><span aria-hidden=\"true\" class=\"wp-block-cover__background has-neve-link-color-background-color has-background-dim-100 has-background-dim\"><\/span><div class=\"wp-block-cover__inner-container is-layout-flow wp-block-cover-is-layout-flow\">\n<div style=\"height:140px\" aria-hidden=\"true\" class=\"wp-block-spacer\"><\/div>\n\n\n\n<div class=\"wp-block-columns is-layout-flex wp-container-core-columns-is-layout-9d6595d7 wp-block-columns-is-layout-flex\">\n<div class=\"wp-block-column is-layout-flow wp-block-column-is-layout-flow\" style=\"flex-basis:20%\"><\/div>\n\n\n\n<div class=\"wp-block-column is-layout-flow wp-block-column-is-layout-flow\" style=\"flex-basis:60%\">\n<div class=\"wp-block-group\"><div class=\"wp-block-group__inner-container is-layout-constrained wp-block-group-is-layout-constrained\">\n<h2 class=\"wp-block-heading has-text-align-center has-nv-text-dark-bg-color has-text-color\">Bir sonraki <font style=\"vertical-align: inherit;\"><font style=\"vertical-align: inherit;\">projenizde birlikte \u00e7al\u0131\u015fal\u0131m<\/font><\/font>.<\/h2>\n\n\n\n<p class=\"has-text-align-center has-nv-text-dark-bg-color has-text-color has-link-color wp-elements-5e0844c30b30fb46669d90cf5c94e8ba\">M\u00fc\u015fteri \u00e7ok \u00f6nemlidir ve veli nimettir. Her ticaret d\u00fcr\u00fcstl\u00fc\u011fe ve g\u00fcvene dayanmal\u0131d\u0131r ki insanl\u0131\u011fa yak\u0131\u015fs\u0131n.<\/p>\n\n\n\n<div class=\"wp-block-buttons is-horizontal is-content-justification-center is-layout-flex wp-container-core-buttons-is-layout-499968f5 wp-block-buttons-is-layout-flex\">\n<div class=\"wp-block-button is-style-primary\"><a class=\"wp-block-button__link has-neve-link-color-color has-text-color has-background has-link-color wp-element-button\" href=\"https:\/\/anmmakine.com.tr\/?page_id=9\" style=\"background-color:#ffffff\">Hadi Ba\u015flayal\u0131m<\/a><\/div>\n<\/div>\n<\/div><\/div>\n<\/div>\n\n\n\n<div class=\"wp-block-column is-layout-flow wp-block-column-is-layout-flow\" style=\"flex-basis:20%\"><\/div>\n<\/div>\n\n\n\n<div style=\"height:140px\" aria-hidden=\"true\" class=\"wp-block-spacer\"><\/div>\n<\/div><\/div>\n","protected":false},"excerpt":{"rendered":"","protected":false},"author":1,"featured_media":0,"parent":0,"menu_order":0,"comment_status":"closed","ping_status":"closed","template":"","meta":{"neve_meta_sidebar":"","neve_meta_container":"","neve_meta_enable_content_width":"on","neve_meta_content_width":100,"neve_meta_title_alignment":"","neve_meta_author_avatar":"","neve_post_elements_order":"","neve_meta_disable_header":"","neve_meta_disable_footer":"","neve_meta_disable_title":"on","footnotes":""},"class_list":["post-10","page","type-page","status-publish","hentry"],"_links":{"self":[{"href":"https:\/\/anmmakine.com.tr\/index.php?rest_route=\/wp\/v2\/pages\/10","targetHints":{"allow":["GET"]}}],"collection":[{"href":"https:\/\/anmmakine.com.tr\/index.php?rest_route=\/wp\/v2\/pages"}],"about":[{"href":"https:\/\/anmmakine.com.tr\/index.php?rest_route=\/wp\/v2\/types\/page"}],"author":[{"embeddable":true,"href":"https:\/\/anmmakine.com.tr\/index.php?rest_route=\/wp\/v2\/users\/1"}],"replies":[{"embeddable":true,"href":"https:\/\/anmmakine.com.tr\/index.php?rest_route=%2Fwp%2Fv2%2Fcomments&post=10"}],"version-history":[{"count":14,"href":"https:\/\/anmmakine.com.tr\/index.php?rest_route=\/wp\/v2\/pages\/10\/revisions"}],"predecessor-version":[{"id":189,"href":"https:\/\/anmmakine.com.tr\/index.php?rest_route=\/wp\/v2\/pages\/10\/revisions\/189"}],"wp:attachment":[{"href":"https:\/\/anmmakine.com.tr\/index.php?rest_route=%2Fwp%2Fv2%2Fmedia&parent=10"}],"curies":[{"name":"wp","href":"https:\/\/api.w.org\/{rel}","templated":true}]}}